{"id":22339,"date":"2025-07-07T17:46:01","date_gmt":"2025-07-07T17:46:01","guid":{"rendered":"https:\/\/regorholding.com\/refurbished-electronics\/?post_type=product&#038;p=22339"},"modified":"2025-07-07T17:46:02","modified_gmt":"2025-07-07T17:46:02","slug":"mini-portable-dlp-projector-s100-4k-black","status":"publish","type":"product","link":"https:\/\/regorholding.com\/refurbished-electronics\/product\/mini-portable-dlp-projector-s100-4k-black\/","title":{"rendered":"Mini Portable DLP Projector S100 4K Black"},"content":{"rendered":"<p><strong>PORTABLE MINI-PROJECTOR DLP S100 4K BLACK<\/strong><\/p>\n<ul>\n<li><strong>Processor:<\/strong><br \/> Quad-Core Arm Cortex-A55<\/li>\n<\/ul>\n<ul>\n<li><strong>Projection Distance:<\/strong><br \/> 1 to 5mt, Front Projection<\/li>\n<\/ul>\n<ul>\n<li><strong>Projection Area:<\/strong><br \/> from 10 to 120 inches<br \/> Bulb Life: Approximately 30,000 Hours<\/li>\n<\/ul>\n<ul>\n<li><strong>Video Supported:<\/strong><br \/> H.263, H.264, H.265, VC-1, RV, VP6\/ VP8, Sorenson Spark, MVC MPEG-1, MPEG-2, MPEG-4 real-time video decoder<\/li>\n<\/ul>\n<ul>\n<li><strong>Audio Compatible:<\/strong><br \/> MP3, WMA, MP2, OGG, AAC, M4A, MA4, FLAC, APE, 3GP, WAV<br \/> Headphone or speaker connector 3.5mm Jack<br \/> Addox 1W x 2<\/li>\n<\/ul>\n<ul>\n<li><strong>Ports:<\/strong><br \/> 1 HDMI 1.4<br \/> 1 USB 2.0 (Support USB HDD reading)<br \/> 1 3.5mm Audio Output (for headphones or speakers)<br \/> 1 DC 5V 3A power connector<\/li>\n<\/ul>\n<ul>\n<li><strong>Connection:<\/strong><br \/> WiFi: 2.4GHz\/5G<\/li>\n<li><strong>Battery:<\/strong><br \/> Integrated 7500mAh<br \/> Duration 1.5 hours, approximately<\/li>\n<\/ul>\n<p><strong>Purchase Content<\/strong>: S100 Portable Mini-Projector, Power Cable, 12-Month Warranty.<\/p>\n<p>By making the purchase, you are confirming that you have read and accepted the terms and conditions described on the official website of <strong>BlackBull Shop<\/strong>.<\/p>\n<p><strong>PERU:<\/strong> Si un cliente est\u00e1 registrado como casa comercializadora deber\u00e1 gestionar su propio certificado de Homologaci\u00f3n, de lo contrario no se podr\u00e1 enviar la orden.<\/p>\n","protected":false},"excerpt":{"rendered":"<ul>\n<li><strong>Projection Technology: DLP (0.2\u201d DMD)<\/strong><\/li>\n<li><strong>Light Range: 100 Lumen<\/strong><\/li>\n<li><strong>Light Type: LED<\/strong><\/li>\n<li><strong>Android operating system<\/strong><\/li>\n<li><strong>Storage: 8GB<\/strong><\/li>\n<li><strong>Projection Distance: 1 to 5MT<\/strong><\/li>\n<li><strong>Projection Area: 10 to 120\u201d<\/strong><\/li>\n<li><strong>Resolution: 854 x 480 (4K compatible)<\/strong><\/li>\n<li><strong>Projection Type: Front Projection<\/strong><\/li>\n<li><strong>Dimensions: 11cm x 11cm x 2.7cm<\/strong><\/li>\n<li><strong>12-month warranty *Terms and Conditions apply<\/strong><\/li>\n<li><strong>Registration and guarantee by the seller.<\/strong><\/li>\n<\/ul>\n<p>Delivery time of 2-10 business days \/ International shipping.<\/p>\n","protected":false},"featured_media":26931,"comment_status":"closed","ping_status":"closed","template":"","meta":{"pagelayer_contact_templates":[],"_pagelayer_content":""},"product_brand":[],"product_cat":[163],"product_tag":[],"class_list":{"0":"post-22339","1":"product","2":"type-product","3":"status-publish","4":"has-post-thumbnail","6":"product_cat-portable-projectors-projectors","8":"first","9":"instock","10":"sale","11":"shipping-taxable","12":"purchasable","13":"product-type-simple"},"_links":{"self":[{"href":"https:\/\/regorholding.com\/refurbished-electronics\/wp-json\/wp\/v2\/product\/22339","targetHints":{"allow":["GET"]}}],"collection":[{"href":"https:\/\/regorholding.com\/refurbished-electronics\/wp-json\/wp\/v2\/product"}],"about":[{"href":"https:\/\/regorholding.com\/refurbished-electronics\/wp-json\/wp\/v2\/types\/product"}],"replies":[{"embeddable":true,"href":"https:\/\/regorholding.com\/refurbished-electronics\/wp-json\/wp\/v2\/comments?post=22339"}],"wp:featuredmedia":[{"embeddable":true,"href":"https:\/\/regorholding.com\/refurbished-electronics\/wp-json\/wp\/v2\/media\/26931"}],"wp:attachment":[{"href":"https:\/\/regorholding.com\/refurbished-electronics\/wp-json\/wp\/v2\/media?parent=22339"}],"wp:term":[{"taxonomy":"product_brand","embeddable":true,"href":"https:\/\/regorholding.com\/refurbished-electronics\/wp-json\/wp\/v2\/product_brand?post=22339"},{"taxonomy":"product_cat","embeddable":true,"href":"https:\/\/regorholding.com\/refurbished-electronics\/wp-json\/wp\/v2\/product_cat?post=22339"},{"taxonomy":"product_tag","embeddable":true,"href":"https:\/\/regorholding.com\/refurbished-electronics\/wp-json\/wp\/v2\/product_tag?post=22339"}],"curies":[{"name":"wp","href":"https:\/\/api.w.org\/{rel}","templated":true}]}}