{"id":23045,"date":"2025-07-07T17:44:30","date_gmt":"2025-07-07T17:44:30","guid":{"rendered":"https:\/\/regorholding.com\/refurbished-electronics\/?post_type=product&#038;p=23045"},"modified":"2025-07-07T17:44:31","modified_gmt":"2025-07-07T17:44:31","slug":"iphone-13-pro-max-256gb-silver","status":"publish","type":"product","link":"https:\/\/regorholding.com\/refurbished-electronics\/product\/iphone-13-pro-max-256gb-silver\/","title":{"rendered":"iPhone 13 Pro Max 256GB Silver"},"content":{"rendered":"<p><strong>RENEWED PRODUCT Better than new\u2026!<\/strong><\/p>\n<p>\u2026This product has been conditioned, tested and recertified to ensure correct operation and excellent cosmetic condition.<br \/> Savings in your hands!<br \/> 1. Warranty for 12 months directly with the supplier, not with the brand.<br \/> 2. Product in excellent cosmetic condition (no scratches or other blemishes).<br \/> 3. Battery with capacity above 90%.<br \/> 4. Product with original box and accessories.<\/p>\n<p>*** 12 MONTHS WARRANTY * FREE RETURN SHIPPING ***<\/p>\n<p><strong>IPHONE 13 PRO MAX 256GB SILVER<\/strong><\/p>\n<ul>\n<li><strong>\u00a0Processor:<\/strong><br \/> A15 Bionic chip, 6-core CPU with 2 performance and 4 efficiency cores, 4-core GPU, 16-core Neural Engine.<\/li>\n<\/ul>\n<ul>\n<li><strong>Screen:<\/strong><br \/> 6.7-inch (diagonal) frameless Super Retina XDR display with ProMotion.<br \/> Resolution of 2778 x 1284 pixels at 458 ppi<\/li>\n<\/ul>\n<ul>\n<li><strong>Camera:<\/strong><br \/> 12 MP Pro Camera System: Telephoto, Wide and Ultra Wide<br \/> Ultra wide angle: \u0192\/1.8 aperture and 120\u00b0 angle of view<br \/> Wide angle: \u0192\/1.5 aperture<br \/> Telephoto: \u0192\/2.8 aperture<br \/> 3x optical zoom in, 2x optical zoom out; 6x optical zoom range<br \/> Portrait Lighting with six effects (Natural Light, Photo Studio Light, Outline Light, Spotlight, B&#038;W Spotlight, B&#038;W High Key)<br \/> Sensor-shift optical image stabilization (wide-angle camera)<br \/> Six-element lens (telephoto and ultra-wide cameras); seven-element lens (wide-angle camera)<br \/> Brighter True Tone flash with slow sync<br \/> Panoramic photos (up to 63 MP)<\/li>\n<\/ul>\n<ul>\n<li><strong>True depth camera:<\/strong><br \/> 12 MP camera, \u0192\/2.2 aperture<br \/> Portrait mode with advanced bokeh and Depth Control<br \/> 4K video recording at 24 fps, 30 fps, or 60 fps<br \/> 1080p HD video recording at 30 fps or 60 fps<br \/> Cinematic video stabilization (4K, 1080p and 720p)<br \/> 1080p slow-motion video at 120 fps<br \/> retinal flash<br \/> Automatic image stabilization<\/li>\n<\/ul>\n<ul>\n<li><strong>Video recording:<\/strong><br \/> 4K video recording at 24 fps, 30 fps, or 60 fps<br \/> 1080p HD video recording at 30 fps or 60 fps<br \/> 720p HD video recording at 30 fps<br \/> Extended dynamic range for video recording at up to 60 fps<br \/> Optical image stabilization for video (wide angle camera)<br \/> 2x optical zoom in, 2x optical zoom out; digital zoom up to 3x<br \/> audio zoom<br \/> 1080p slow-motion video at 120 fps or 240 fps<br \/> Fast motion video with stabilization<br \/> Cinematic video stabilization (4K, 1080p and 720p)<br \/> Take 8 MP photos while recording 4K video<br \/> Video recording in HEVC and H.264 formats<\/li>\n<\/ul>\n<ul>\n<li><strong>Connections:<\/strong><br \/> 5G (sub 6GHz)4<br \/> Gigabit LTE with 4\u00d74 MIMO and LAA4<br \/> Wi-Fi 802.11ax (6th Gen.) with 2\u00d72 MIMO<br \/> Bluetooth 5.0 wireless technology<br \/> Ultra-wideband chip for spatial detection<br \/> NFC with reading mode<br \/> Express cards with charge reserve<\/li>\n<\/ul>\n<ul>\n<li><strong>Battery:<\/strong><br \/> Built-in rechargeable lithium-ion battery<br \/> Wireless charging up to 15W with MagSafe chargers<br \/> Wireless charging with Qi chargers up to 7.5W<br \/> Charge via the USB port of a computer or with a power adapter<br \/> Fast charging: Up to 50% charge in 30 minutes with a 20W or higher adapter (sold separately)<\/li>\n<\/ul>\n<ul>\n<li><strong>Sensors:<\/strong><br \/> Face ID<br \/> Barometer<br \/> three axis gyroscope<br \/> accelerometer<br \/> Proximity sensor<br \/> ambient light sensor<\/li>\n<\/ul>\n<p><strong>Content of the purchase<\/strong>: Iphone 13 Pro Max 256GB, Data cable, 12-month warranty.<\/p>\n<p>By making the purchase, you are confirming that you have read and accepted the terms and conditions described on the official website of <strong>BlackBull Shop.<\/strong><\/p>\n<p><strong>PERU:<\/strong> Si un cliente est\u00e1 registrado como casa comercializadora deber\u00e1 gestionar su propio certificado de Homologaci\u00f3n, de lo contrario no se podr\u00e1 enviar la orden.<\/p>\n<p>*Registration and guarantee by the seller.<\/p>\n","protected":false},"excerpt":{"rendered":"<ul>\n<li><strong>Processor: Apple A15 Bionic<\/strong><\/li>\n<li><strong>Storage: 256GB<\/strong><\/li>\n<li><strong>Operating System: iOS 16<\/strong><\/li>\n<li><strong>Screen: 6.7\u201d Super Retina XDR<\/strong><\/li>\n<li><strong>Resolution: 2778 x 1284 pixels<\/strong><\/li>\n<li><strong>Rear Camera: Triple 12MP<\/strong><\/li>\n<li><strong>Front Camera: 12MP \u0192\/2.2 aperture<\/strong><\/li>\n<li><strong>Dimensions: 160.8 x 78.1 x 7.65mm<\/strong><\/li>\n<li><strong>Color: Silver<\/strong><\/li>\n<li><strong>12-month warranty * Terms and Conditions apply.<\/strong><\/li>\n<li><strong>Registration and guarantee by the seller.<\/strong><\/li>\n<\/ul>\n<p>Delivery time of 2-10 business days \/ International shipping.<\/p>\n","protected":false},"featured_media":26729,"comment_status":"closed","ping_status":"closed","template":"","meta":{"pagelayer_contact_templates":[],"_pagelayer_content":""},"product_brand":[],"product_cat":[156],"product_tag":[],"class_list":{"0":"post-23045","1":"product","2":"type-product","3":"status-publish","4":"has-post-thumbnail","6":"product_cat-iphone-smartphones","8":"first","9":"instock","10":"sale","11":"shipping-taxable","12":"purchasable","13":"product-type-simple"},"_links":{"self":[{"href":"https:\/\/regorholding.com\/refurbished-electronics\/wp-json\/wp\/v2\/product\/23045","targetHints":{"allow":["GET"]}}],"collection":[{"href":"https:\/\/regorholding.com\/refurbished-electronics\/wp-json\/wp\/v2\/product"}],"about":[{"href":"https:\/\/regorholding.com\/refurbished-electronics\/wp-json\/wp\/v2\/types\/product"}],"replies":[{"embeddable":true,"href":"https:\/\/regorholding.com\/refurbished-electronics\/wp-json\/wp\/v2\/comments?post=23045"}],"wp:featuredmedia":[{"embeddable":true,"href":"https:\/\/regorholding.com\/refurbished-electronics\/wp-json\/wp\/v2\/media\/26729"}],"wp:attachment":[{"href":"https:\/\/regorholding.com\/refurbished-electronics\/wp-json\/wp\/v2\/media?parent=23045"}],"wp:term":[{"taxonomy":"product_brand","embeddable":true,"href":"https:\/\/regorholding.com\/refurbished-electronics\/wp-json\/wp\/v2\/product_brand?post=23045"},{"taxonomy":"product_cat","embeddable":true,"href":"https:\/\/regorholding.com\/refurbished-electronics\/wp-json\/wp\/v2\/product_cat?post=23045"},{"taxonomy":"product_tag","embeddable":true,"href":"https:\/\/regorholding.com\/refurbished-electronics\/wp-json\/wp\/v2\/product_tag?post=23045"}],"curies":[{"name":"wp","href":"https:\/\/api.w.org\/{rel}","templated":true}]}}