{"id":25475,"date":"2025-07-07T17:41:51","date_gmt":"2025-07-07T17:41:51","guid":{"rendered":"https:\/\/regorholding.com\/refurbished-electronics\/?post_type=product&#038;p=25475"},"modified":"2025-07-07T17:41:52","modified_gmt":"2025-07-07T17:41:52","slug":"samsung-galaxy-a54-5g-128gb-6gb-ram-white","status":"publish","type":"product","link":"https:\/\/regorholding.com\/refurbished-electronics\/product\/samsung-galaxy-a54-5g-128gb-6gb-ram-white\/","title":{"rendered":"Samsung Galaxy A54 5G 128GB 6GB RAM White"},"content":{"rendered":"<p><strong>SAMSUNG GALAXY A54 5G 128GB 6GB RAM WHITE<\/strong><\/p>\n<p>The Samsung Galaxy A54 5G comes with a 6.4-inch Super AMOLED screen with 1080p resolution and 120Hz refresh rate, accompanied by 6GB of RAM with 128GB of expandable internal storage. The rear camera of the Galaxy A54 5G is triple, led by a 50MP camera with OIS and its selfie camera is 32MP. Completing the features of the Samsung Galaxy A54 5G we find a 5000 mAh battery with support for fast charging, fingerprint reader under the screen, stereo speakers and Android 13 with the One UI 5.1 interface<\/p>\n<ul>\n<li><strong>Display:<\/strong><br \/> Super AMOLED capacitive touchscreen, 16M colors<br \/> 6.4 inches<br \/> 1080 x 2340 pixels<\/li>\n<\/ul>\n<ul>\n<li><strong>Main Camera:<br \/> <\/strong>Triple, 50 MP (f\/1.8, OIS, PDAF, wide) + 12 MP (f\/2.2, ultrawide) + 5 MP (f\/2.4, macro).<br \/> Functions: phase detection autofocus, optical image stabilization, LED flash, geo-tagging, HDR.<br \/> Video recording: 4K@30fps, 1080p@30\/60fps, 720p@480fps.<\/li>\n<\/ul>\n<ul>\n<li><strong>Frontal camera:<\/strong><br \/> 32 MP, f\/2.2, wide, 4K@30fps, 1080p@30fps<\/li>\n<\/ul>\n<ul>\n<li><strong>Processor:<\/strong> octa-core 2.5GHz<\/li>\n<\/ul>\n<ul>\n<li><strong>Networks:<\/strong><br \/> 2G GSM 850 \/ 900 \/ 1800 \/ 1900 \u2013 HSDPA ? LTE<br \/> 3G HSDPA 850 \/ 900 \/ 1700(AWS) \/ 1900 \/ 2100<br \/> 4G LTE B1\/B2\/B3\/B4\/B5\/B7\/B8\/B12\/B17\/B20\/B26\/B28\/B32\/B38\/B40\/B41\/B66<br \/> 5G SA\/NSA\/Sub6 B1 \/ B3 \/ B7 \/ B8 \/ B20 \/ B28 \/ B38 \/ B40 \/ B41 \/ B77 \/ B78<br \/> The features available on the live network depend on the operator\u2019s network situations and the implementation of related services.<\/li>\n<\/ul>\n<ul>\n<li><strong>Connectivity:<\/strong><br \/> Wi-Fi 802.11 a\/b\/g\/n\/ac; Wi-Fi Direct; dual band<br \/> GPS with support A-GPS, GLONASS, BDS, GALILEO, QZSS<br \/> Bluetooth: v5.3 A2DP, LE<\/li>\n<\/ul>\n<ul>\n<li><strong>Interface:<\/strong><br \/> USB Type C 2.0, OTG<\/li>\n<\/ul>\n<ul>\n<li><strong>Battery:<br \/> <\/strong>5000 mAh non-removable.<\/li>\n<\/ul>\n<p><strong>Purchase content:<\/strong> Samsung Galaxy A54 5G, data cable, 12-month warranty.<\/p>\n<p>By making the purchase, you are confirming that you have read and accepted the terms and conditions described on the official website of <strong>BlackBull Shop<\/strong>.<\/p>\n<p><strong>PERU:<\/strong> Si un cliente est\u00e1 registrado como casa comercializadora deber\u00e1 gestionar su propio certificado de Homologaci\u00f3n, de lo contrario no se podr\u00e1 enviar la orden.<\/p>\n<p>*Registration and guarantee by the seller.<\/p>\n","protected":false},"excerpt":{"rendered":"<ul>\n<li><strong>Display: 6.4\u2033 Super AMOLED touchscreen<\/strong><\/li>\n<li><strong>Resolution: 1080 x 2340 pixels<\/strong><\/li>\n<li><strong>Storage: 128GB<\/strong><\/li>\n<li><strong>RAM memory: 6GB<\/strong><\/li>\n<li><strong>Processor: Octa-core 2.5GHz<\/strong><\/li>\n<li><strong>Camera: Triple, 50MP+12MP+5MP<\/strong><\/li>\n<li><strong>Front Camera: 32MP<\/strong><\/li>\n<li><strong>Battery: 5000 mAh<\/strong><\/li>\n<li><strong>Operating System: Android 13<\/strong><\/li>\n<li><strong>Dimensions: 158.2 x 76.7 x 8.2mm<\/strong><\/li>\n<li><strong>12 month warranty *Terms and Conditions apply<\/strong><\/li>\n<li><strong>Registration and guarantee by the seller<\/strong><\/li>\n<\/ul>\n<p>Delivery time of 2-10 business days \/ International shipping.<\/p>\n","protected":false},"featured_media":26368,"comment_status":"closed","ping_status":"closed","template":"","meta":{"pagelayer_contact_templates":[],"_pagelayer_content":""},"product_brand":[],"product_cat":[154],"product_tag":[],"class_list":{"0":"post-25475","1":"product","2":"type-product","3":"status-publish","4":"has-post-thumbnail","6":"product_cat-samsung-smartphones","8":"first","9":"instock","10":"sale","11":"shipping-taxable","12":"purchasable","13":"product-type-simple"},"_links":{"self":[{"href":"https:\/\/regorholding.com\/refurbished-electronics\/wp-json\/wp\/v2\/product\/25475","targetHints":{"allow":["GET"]}}],"collection":[{"href":"https:\/\/regorholding.com\/refurbished-electronics\/wp-json\/wp\/v2\/product"}],"about":[{"href":"https:\/\/regorholding.com\/refurbished-electronics\/wp-json\/wp\/v2\/types\/product"}],"replies":[{"embeddable":true,"href":"https:\/\/regorholding.com\/refurbished-electronics\/wp-json\/wp\/v2\/comments?post=25475"}],"wp:featuredmedia":[{"embeddable":true,"href":"https:\/\/regorholding.com\/refurbished-electronics\/wp-json\/wp\/v2\/media\/26368"}],"wp:attachment":[{"href":"https:\/\/regorholding.com\/refurbished-electronics\/wp-json\/wp\/v2\/media?parent=25475"}],"wp:term":[{"taxonomy":"product_brand","embeddable":true,"href":"https:\/\/regorholding.com\/refurbished-electronics\/wp-json\/wp\/v2\/product_brand?post=25475"},{"taxonomy":"product_cat","embeddable":true,"href":"https:\/\/regorholding.com\/refurbished-electronics\/wp-json\/wp\/v2\/product_cat?post=25475"},{"taxonomy":"product_tag","embeddable":true,"href":"https:\/\/regorholding.com\/refurbished-electronics\/wp-json\/wp\/v2\/product_tag?post=25475"}],"curies":[{"name":"wp","href":"https:\/\/api.w.org\/{rel}","templated":true}]}}